 Give b(y).
5
Let w(v) be the second derivative of 33 + 1/20*v**5 - 1/3*v**4 + 5/2*v**2 + v - 7/6*v**3. Give w(6).
35
Let j(k) be the first derivative of k**4/4 + 5*k**3/3 - k**2 - k - 601. Give j(-6).
-25
Let l(c) be the first derivative of -c**3 - 9*c**2/2 + 4*c - 732. Calculate l(4).
-80
Let u(a) be the first derivative of -a**4/4 + 40*a**3/3 - 37*a**2/2 - 82*a + 3544. Determine u(39).
-4
Let x(h) be the first derivative of -12 + 7*h - 8/3*h**3 + 1/2*h**2 + 1/4*h**4. Suppose 3*q = -r + 19, -5*q - r + 65 = -6*r. Calculate x(q).
15
Suppose -13*q - 68 - 25 = -145. Let d(j) = -24*j + 14. What is d(q)?
-82
Let d(c) = -27*c**2 + 21*c + 19. Let q(r) = -149*r**2 + 106*r + 97. Let j(u) = -11*d(u) + 2*q(u). Give j(-18).
3
Let d(z) = 7*z + 376. Let j be 117/(-12)*((-21)/(-84))/((-3)/(-64)). Determine d(j).
12
Suppose -19*j = -537 + 138. Suppose j*r = 163 + 26. Let g(z) = -z**2 + 9*z - 4. Determine g(r).
-4
Let a(h) = -2200*h - 3 - 4 + 4395*h - 2200*h. Let z be 15*(11/3 + -3). Suppose 5*m = -15 - z. Give a(m).
18
Suppose -7*h + 8*h - 33 = 0. Let t(b) = -4*b + 136. What is t(h)?
4
Let w(a) = 3*a. Let d(t) be the third derivative of t**5/60 - 3*t**4/4 - t**3/6 + 156*t**2. Let i(n) = -d(n) - 5*w(n). Give i(6).
-17
Let g(c) = c + 5. Let d be g(-4). Let i(k) = 5*k - 7. Let m(p) = -p. Let n(r) = d*i(r) + 6*m(r). Let o be 126/(-20) - -1*(-6)/(-20). Calculate n(o).
-1
Suppose -58*l = -54*l - 12. Let t(y) = -7*y + 3. Calculate t(l).
-18
Let z(x) = -4*x - 47. Suppose -5*c - 40 = 5*u, 5*c - 26 + 12 = u. Give z(u).
-11
Suppose 5*r - 118 = 3*r. Suppose -4*t + 23 - 3 = 0, -4*d = -t - r. Let b = d - 23. Let u(q) = q**2 + 7*q - 9. Give u(b).
-9
Let b = -194 + 191. Let t(a) = -5*a**2 - 2*a. Let z(h) = 7*h**2 + h + 1. Let j(f) = b*z(f) - 4*t(f). Calculate j(2).
3
Let n(y) = -5*y + 5. Suppose 2*r + 2*t - 926 = 0, 3*r + t - 1385 = -0*t. Let s = -458 + r. Calculate n(s).
-10
Let z(a) = -7*a + 4. Suppose 6 = 2*j + 6*t - 2*t, j - 2*t + 5 = 0. Let m(w) = -w + 1. Let h(n) = j*z(n) + 6*m(n). Determine h(6).
8
Let w(g) = -57 - 57 - g + 110. Let a(r) = -r - 9. Let f(h) = 2*h + 18. Let i(z) = -14*a(z) - 6*f(z). Let d be i(-7). Give w(d).
-8
Let a(y) = -116*y - 38 + 57*y + 42 + 52*y. Give a(0).
4
Let c(v) = -226*v**3 + 3 + 4 - 225*v**3 + 2*v - 6*v + 450*v**3. Give c(0).
7
Let t(r) = -7*r + 12. Suppose 69*k - 96 = 93*k. Determine t(k).
40
Let i(h) = h**3 + 3*h**2 - 15*h - 27. Let m be i(-4). Let b(v) = -4*v + 78. Give b(m).
10
Let f(n) be the second derivative of n**5/20 - n**4/6 - 11*n**3/6 + 16*n**2 + n - 101. Determine f(4).
20
Let u(k) = k**2 - 6*k + 5. Suppose 4*q + 3*v = -17, -3*q = 3*v + 9 + 3. Let y(d) = 2*d**2 - 9*d + 11. Let t(f) = q*u(f) + 2*y(f). Calculate t(12).
-3
Let q(v) = -31 + 16*v + 23*v + 27*v - 104*v + 23*v. Determine q(-2).
-1
Let r(g) = g - 3. Suppose -10*l = -2*l. Let c(y) = -y + 7 - y + l*y. Let n(m) = -3*c(m) - 5*r(m). Give n(7).
1
Let n(m) = 2*m**2 - 3*m + 4. Let p be 42/((-15)/(-5)) - (0 - -4). Let y be p + (5 - -43)/(-8). Determine n(y).
24
Let j(w) = w**3 - 13*w**2 + 13*w - 6. Let v(u) = -2*u**3 + 22*u**2 + 18*u + 84. Let z be v(12). Determine j(z).
6
Suppose 256*g + 4 = 258*g - 4*t, 0 = 3*g - t - 6. Let p(o) be the first derivative of 11*o**2/2 + 18. Calculate p(g).
22
Let r(n) = 2539*n**3 - n**2 - 1254*n**3 - 1268*n**3. Calculate r(1).
16
Suppose 5 = -5*y - 20. Let j(x) = x**2 + 7*x + 10. Let m be j(y). Suppose 1 = -w - 5*i + 21, m = -i + 5. Let n(v) = v**2 + 7*v + 3. Determine n(w).
-7
Let d(t) = -30*t - 15. Suppose -6 = 4*q + 2*c, 12 = -50*q + 46*q + 4*c. What is d(q)?
45
Let q(a) = 7 + 5*a - 4*a - a**3 - 3 + 3*a**2. Let s(o) = -o**3 + 18*o**2 + 63*o + 4. Let p be s(21). Let j(c) = -c**2 - 4*c + 35. Let b be j(p). What is q(b)?
7
Let t(q) = 3*q**2 + 4*q - 14. Let c be (21 + -28)*2/(-18)*3*-3. Determine t(c).
105
Suppose -5*p = -5*x + 2*x - 23, -5*x + 5*p - 25 = 0. Let q(o) = -11*o**2 + 2*o + 1. Let m be q(x). Let j(l) = l + 13. What is j(m)?
1
Let g(h) = -h**3 + 10*h**2 - 8*h - 7. Let k = 812 + -1509. Let u = k - -706. Give g(u).
2
Let u = -4557 + 4539. Let z(d) = d**2 + 20*d + 34. What is z(u)?
-2
Let x(r) be the second derivative of r**4/12 + 7*r**3/6 + 7*r**2/2 + 12*r. Let s(p) = 3 + 0*p - p + 0*p - 22. Let v be s(-14). Give x(v).
-3
Let c(r) = 2*r**2 + 16*r - 4. Let z be c(-7). Let o = -17 - z. Let i(x) = 5*x**2 - 3*x + 4. Let j(b) = b**2 + b - 1. Let w(t) = o*i(t) - 4*j(t). Determine w(6).
2
Let u(m) = -2*m - 2. Let b(n) be the second derivative of 2*n**3/3 + 18*n**2 + 10*n. Let a = 49 + -60. Let j be b(a). Determine u(j).
14
Let u(a) be the first derivative of a**2/2 + 4*a + 5. Suppose 0 = o + 3*w - 7, 10*w = 2*o + 6*w + 46. Calculate u(o).
-7
Let k(s) = -s**3 - 17*s**2 + 2*s + 39. Suppose 111 = -w + 94. Let a be k(w). Let b(y) = -120*y + a - 1 + 0*y**3 - 9*y**2 + 110*y + y**3. Give b(10).
4
Suppose -f - y + 2 = 0, -2*f + 9 = -5*y + 6*y. Let z(j) = j**2 - 3*j - 29. What is z(f)?
-1
Let x(q) = 2*q**3 - q**2 - 6*q. Let d(f) = -2*f**2 + 5*f - 2. Let a(h) = d(h) + x(h). What is a(3)?
22
Let i(k) = 5*k**2 + k - 18. Let n be i(0). Let s(v) = 2*v**3 + 35*v**2 - 19*v - 20. Give s(n).
-2
Let a be (-3)/(9/(-6))*-36*(-6)/8. Let r = 0 + 61. Let c = a - r. Let y(t) = 3*t + 17. What is y(c)?
-4
Let t(o) = -23*o - 300650 - 300907 + 602108. Calculate t(24).
-1
Let m(w) = w**2 + 20*w + 94. Let p be m(-7). Let z(u) = -5 + 2*u + p + u**3 + 81*u**2 + 0 - 75*u**2 + 7*u. Calculate z(-4).
-6
Let o(c) = -c**2 + 29*c - 24. Let h(v) = -40*v - 4893. Let i be h(-123). What is o(i)?
30
Let a(q) = -5*q - 201. Let c be a(45). Let r = c + 424. Let o(i) = -6*i - 6. Determine o(r).
6
Let x(j) be the first derivative of 11*j**2 + 7*j + 538. Determine x(3).
73
Let w(o) = -o**3 + o**2 - 2*o + 7. Let r = -15900 + 15900. Give w(r).
7
Let s(o) = o + 62. Suppose -2*i - 5*n = 36, 5*i - 4*n + 68 + 55 = 0. Let v be s(i). Let b = 45 - v. Let p(l) = -l + 11. What is p(b)?
5
Let v(d) be the first derivative of -2*d**3/3 - 3*d**2 + d - 2919. What is v(-5)?
-19
Let c(v) = v**3 - 3*v**2 + 3*v - 6. Suppose -6*f - 6*f = -1416. Let g(i) = -f*i + 14 + 60*i + 60*i. Let r be g(-5). Calculate c(r).
22
Suppose -98 = 5*a - 108. Let m be 21*a/6 + -3. Let y(o) be the second derivative of -o**4/12 + o**3/2 + o**2 + o. Determine y(m).
-2
Let h(m) = -6*m**2 - 1 - 3 + 5 + m + 3*m**2. Suppose -5*c - p = 0, 3*c - 2 = 3*p - 20. Calculate h(c).
-3
Let p(k) be the second derivative of -k**5/20 - k**4 + 5*k**3/2 + 13*k**2/2 - k. Suppose -d - 15 = -2*y - 16, 3*y + 21 = 0. Determine p(d).
-13
Let c(p) = -19*p - 985. Let o be c(-52). Let u(r) = r**2 + 2*r - 18. Determine u(o).
-3
Let f = 294 + -1116. Let j = 822 + f. Let r(c) = -3*c - 1. Determine r(j).
-1
Let z(b) be the first derivative of 17*b**2/2 + 4*b - 86. Let a(t) = 15*t + 2. Let f(u) = 6*a(u) - 5*z(u). Determine f(4).
12
Let v(h) = h - 6. Suppose f - 26 = -4*z, 2*z + 3*f = -3*z + 36. Let p be -2*3/(-4) + 9/z. Suppose -m - 6 = p*l + 8, -3*m = 2*l. Calculate v(l).
-12
Let x(o) = -7*o**2 + 4*o**2 + 106*o - 98*o + 4. Let a(t) = -t**3 - 9*t**2 + 22*t + 11. Let z(w) = -6*a(w) + 17*x(w). Determine z(-2).
-42
Suppose -5*k - 6*y + 3*y = 33, 3*k - 5*y + 13 = 0. Let i be -1*(-5 - -18) - k. Let p(d) = -3*d - 24. What is p(i)?
-3
Let l(y) = 0*y - 16*y + 7*y + 9*y + 2*y + 8. Determine l(5).
18
Let b(y) = -5*y**2 - 1. Suppose -7*x = 23*x - 450. Suppose -x*c = 4*c - 19. Calculate b(c).
-6
Let l(h) = -6*h**2 + 5*h + 2. Let c(y) = -5*y**2 + 5*y + 1. Let w(u) = 5*c(u) - 4*l(u). Let t = -645 - -649. Give w(t).
1
Let m(x) be the third derivative of 3*x**4/8 - 74*x**3/3 + 118*x**2 + 4*x. What is m(17)?
5
Let y(w) = w + 19. Let b be (-52)/6*((-931)/98 + 11). What is y(b)?
6
Let m(t) = -34*t + 4*t**2 + 18*t**2 - 2*t**2 - 36 + 0*t**3 - 6 - t**3. Let i be m(18). Let z(v) = v**2 - v + 5. What is z(i)?
47
Let q(h) = 5*h + 0*h + 63 + 36*h**2 + 129 - 42 - h + h**3. Let k be q(-36). Let z(x) = -x - 7. Calculate z(k).
-13
Suppose 71*o = 592*o - 7865 - 10370. Let b(q) = q**3 - 35*q**2 + 2*q - 69. Calculate b(o).
1
Let g(o) = -43*o + 19. Let x(y) = -10*y - 4. Let s(j) = g(j) - 4*x(j). Give s(3).
26
Let n be (65/20)/(2/(-8)). Let s(f) = -f**2 - 16*f + 5. Let q(y) = 3*y**2 + 47*y - 15. Let k(p) = -3*q(p) - 8*s(p). Calculate k(n).
5
Let v(n) be the second derivative of 2*n**3/3 - 5*n**2 -